8616980?
0
What is the millions digit of 5263866?
5
What is the hundreds digit of 112407444?
4
What is the units digit of 412621349?
9
What is the millions digit of 110396343?
0
What is the units digit of 132240887?
7
What is the hundreds digit of 299720849?
8
What is the millions digit of 1938105676?
8
What is the units digit of 67133782?
2
What is the ten millions digit of 67001266?
6
What is the ten millions digit of 302116165?
0
What is the ten thousands digit of 56726998?
2
What is the hundred millions digit of 6856469530?
8
What is the thousands digit of 66762830?
2
What is the millions digit of 149053987?
9
What is the ten thousands digit of 4825041227?
4
What is the hundred thousands digit of 223474798?
4
What is the millions digit of 194665516?
4
What is the thousands digit of 42710095?
0
What is the units digit of 109219038?
8
What is the ten millions digit of 26823723?
2
What is the units digit of 7407162?
2
What is the millions digit of 316456588?
6
What is the units digit of 474040439?
9
What is the ten millions digit of 210446196?
1
What is the hundreds digit of 17269119?
1
What is the hundred thousands digit of 31427387?
4
What is the ten millions digit of 1251588767?
5
What is the thousands digit of 694641532?
1
What is the millions digit of 1033798568?
3
What is the ten millions digit of 37806721?
3
What is the millions digit of 119929430?
9
What is the hundreds digit of 400755031?
0
What is the thousands digit of 5767781830?
1
What is the hundred thousands digit of 183112561?
1
What is the ten millions digit of 3183934607?
8
What is the hundreds digit of 475256244?
2
What is the millions digit of 40777201?
0
What is the thousands digit of 53408869?
8
What is the hundred thousands digit of 22091963?
0
What is the tens digit of 171759654?
5
What is the units digit of 191550294?
4
What is the thousands digit of 55309615?
9
What is the hundred millions digit of 632611271?
6
What is the thousands digit of 2075415751?
5
What is the tens digit of 898899591?
9
What is the tens digit of 4439346978?
7
What is the hundred thousands digit of 273350428?
3
What is the thousands digit of 130817166?
7
What is the ten millions digit of 1181155390?
8
What is the millions digit of 1399270836?
9
What is the hundred thousands digit of 91351284?
3
What is the hundred millions digit of 120272356?
1
What is the thousands digit of 766765?
6
What is the ten millions digit of 666851545?
6
What is the tens digit of 29447688?
8
What is the hundreds digit of 943170777?
7
What is the ten millions digit of 1693513000?
9
What is the tens digit of 47910402?
0
What is the millions digit of 8974127?
8
What is the hundred millions digit of 2240285693?
2
What is the units digit of 123973812?
2
What is the ten thousands digit of 1005076851?
7
What is the hundreds digit of 477591076?
0
What is the hundred millions digit of 377086759?
3
What is the ten thousands digit of 296020084?
2
What is the hundred millions digit of 1640701756?
6
What is the thousands digit of 116177508?
7
What is the hundred thousands digit of 198888099?
8
What is the hundred thousands digit of 42701074?
7
What is the ten millions digit of 2954560695?
5
What is the millions digit of 70846859?
0
What is the hundred millions digit of 152423911?
1
What is the hundred millions digit of 239788958?
2
What is the thousands digit of 486137861?
7
What is the millions digit of 130116676?
0
What is the hundreds digit of 7590071086?
0
What is the hundreds digit of 172188771?
7
What is the hundred thousands digit of 128783120?
7
What is the millions digit of 143992288?
3
What is the units digit of 1361001274?
4
What is the hundreds digit of 64481587?
5
What is the units digit of 199338335?
5
What is the thousands digit of 123085553?
5
What is the hundred millions digit of 344442808?
3
What is the thousands digit of 2548146?
8
What is the units digit of 3922346009?
9
What is the ten millions digit of 10145670?
1
What is the ten millions digit of 3252737247?
5
What is the ten millions digit of 26811650?
2
What is the hundred thousands digit of 71413224?
4
What is the tens digit of 111791231?
3
What is the thousands digit of 148680688?
0
What is the millions digit of 14745440?
4
What is the units digit of 499361895?
5
What is the ten millions digit of 6489227077?
8
What is the thousands digit of 115546417?
6
What is the thousands digit of 325249129?
9
What is the hundred thousands digit of 91762787?
7
What is the millions digit of 2160080053?
0
What is the units digit of 3799913804?
4
What is the ten millions digit of 88679264?
8
What is the hundreds digit of 32784731?
7
What is the hundred thousands digit of 159722104?
7
What is the units digit of 40498889?
9
What is the hundred millions digit of 384570301?
3
What is the thousands digit of 827017920?
7
What is the hundred millions digit of 188191308?
1
What is the tens digit of 779522839?
3
What is the ten millions digit of 39747918?
3
What is the millions digit of 35447787?
5
What is the tens digit of 485724597?
9
What is the ten thousands digit of 322390920?
9
What is the hundred thousands digit of 78422453?
4
What is the millions digit of 64517863?
4
What is the ten millions digit of 233784368?
3
What is the millions digit of 267353595?
7
What is the hundred millions digit of 4136306203?
1
What is the thousands digit of 294277370?
7
What is the ten thousands digit of 23731131?
3
What is the millions digit of 420252288?
0
What is the ten thousands digit of 904980113?
8
What is the thousands digit of 25981130?
1
What is the hundreds digit of 2506905?
9
What is the units digit of 1334297495?
5
What is the hundred thousands digit of 3547252089?
2
What is the hundred thousands digit of 577809940?
8
What is the ten millions digit of 47680745?
4
What is the hundreds digit of 175084754?
7
What is the tens digit of 49548312?
1
What is the ten millions digit of 1615259919?
1
What is the thousands digit of 191488869?
8
What is the thousands digit of 375609524?
9
What is the hundreds digit of 1944558170?
1
What is the hundred millions digit of 184362606?
1
What is the ten millions digit of 38339468?
3
What is the millions digit of 5371393702?
1
What is the millions digit of 69107227?
9
What is the millions digit of 31288051?
1
What is the units digit of 243959795?
5
What is the hundred thousands digit of 64584171?
5
What is the thousands digit of 730902811?
2
What is the hundreds digit of 1952751644?
6
What is the ten thousands digit of 1027007846?
0
What is the millions digit of 445072709?
5
What is the units digit of 7956945?
5
What is the hundred millions digit of 118625873?
1
What is the hundreds digit of 2540232642?
6
What is the units digit of 7889338911?
1
What is the hundred thousands digit of 626686279?
6
What is the tens digit of 335472077?
7
What is the ten thousands digit of 955225?
5
What is the millions digit of 694932763?
4
What is the tens digit of 1024666?
6
What is the tens digit of 7453140?
4
What is the ten millions digit of 411929106?
1
What is the tens digit of 53409898?
9
What is the tens digit of 72464492?
9
What is the hundred thousands digit of 12337083?
3
What is the hundreds digit of 103311829?
8
What is the hundreds digit of 721624101?
1
What is the units digit of 656956579?
9
What is the units digit of 1883281460?
0
What is the units digit of 33150548?
8
What is the billions digit of 1804176719?
1
What is the ten millions digit of 3329589206?
2
What is the hundred thousands digit of 1979151401?
1
What is the units digit of 5649689941?
1
What is the hundred millions digit of 5199678079?
1
What is the units digit of 11940275?
5
What is the ten millions digit of 1569986748?
6
What is the tens digit of 308397749?
4
What is the units digit of 808147586?
6
What is the billions digit of 2053912185?
2
What is the ten millions digit of 983075592?
8
What is the millions digit of 255706605?
5
What is the thousands digit of 50560159?
0
What is the ten millions digit of 68172373?
6
What is the ten millions digit of 13826613?
1
What is the hundreds digit of 1593333558?
5
What is the tens digit of 417778514?
1
What is the units digit of 68580970?
0
What is the ten millions digit of 95401257?
9
What is the tens digit of 5132590942?
4
What is the te